. What is the highest common divisor of l and h?
7
Let d be 99/(-21) + 4/(-14). Let b = 6 - d. Calculate the highest common factor of 99 and b.
11
Suppose -372 = -4*d - 6*l + 2*l, d - 2*l - 84 = 0. Calculate the greatest common divisor of 10 and d.
10
Let g(z) = 2*z**3 - 3*z + 2. Let a be g(2). What is the highest common factor of 4 and a?
4
Suppose 2*q - 59 = -f, -q + 17 = 5*f - 2*f. Calculate the highest common divisor of q and 160.
32
Suppose -5*i + 5*b = 4 + 11, 5*b - 27 = -i. Suppose -i*r - 3*v = -23, -3*v = -r + 5*r - 55. Let n = 246 - 166. Calculate the highest common divisor of r and n.
16
Let j(u) = 2*u**3 - 7*u**2 + 4*u + 4. Let s be j(4). Calculate the greatest common factor of s and 4.
4
Let v = 60 + -34. Calculate the greatest common factor of 26 and v.
26
Suppose -3*x + 4*x = 21. Let p be (-1 + 2)*(3 - 0). Suppose p*s - 32 - 10 = 0. Calculate the highest common divisor of s and x.
7
Suppose m - 3 = -5*k + 17, 16 = 4*k + 5*m. Suppose 0 = 5*l - 14 - 6. Calculate the highest common divisor of k and l.
4
Suppose 4*k - 8 = 8. Suppose 0 = k*j - 4*i - 52, -4*j = -0*j + i - 67. Calculate the greatest common factor of 8 and j.
8
Suppose 0 = 2*w - 5 - 17. Calculate the highest common divisor of w and 11.
11
Let z be 8 + -2 - (4 - 4). Suppose 3*g - z = -c, 0*g = 3*g - 5*c - 6. Calculate the greatest common factor of g and 18.
2
Let k be -3*(-3 - -2)*-2. Let z(i) = -12*i - 9. Let w be z(k). Calculate the highest common factor of 9 and w.
9
Let j = 24 - 4. Let m = 57 + j. What is the highest common factor of 11 and m?
11
Let q(u) = -2*u - 8. Let t be 1*(4 - 2) - 8. Let j be q(t). Suppose j*l - 2*l = -2*z + 38, -4*z = 3*l - 56. Calculate the highest common divisor of 60 and l.
20
Let f(g) = -g + 2. Let m be f(2). Suppose 3*l = 4 + 2. Let b = m + l. Calculate the greatest common factor of b and 14.
2
Let j(i) = -4*i**3 + 2*i**2 + 2*i + 1. Let t be j(-1). Suppose t*q + 26 + 49 = 0. Let h = 21 + q. What is the highest common factor of 3 and h?
3
Let r(h) = h**2 - 4*h + 2. Let a be r(6). Calculate the greatest common divisor of a and 126.
14
Let x(d) = -d**3 + 8*d**2 + d + 2. Let s be x(8). Let j(y) = -y**2 + 10*y + 8. Let b be j(s). What is the greatest common divisor of b and 2?
2
Let u be 20 - 4/(-2) - -2. Let g = -14 - -17. What is the highest common factor of g and u?
3
Let p be (-6)/(-4)*24/9. Suppose p*r - 139 = -59. What is the greatest common factor of r and 40?
20
Suppose -289 = -4*z + 143. Suppose 0*o + 3*o = 81. Calculate the greatest common factor of o and z.
27
Let h be (3/2)/(6/(-12)). Let r be h*-10*(-1)/(-3). Calculate the greatest common divisor of r and 20.
10
Let l be (-5)/(1*(-2)/8). Suppose -2*q = 4*a - 28, 5*q - 29 = 4*q + 3*a. What is the highest common divisor of l and q?
20
Let l = 32 - -56. Calculate the highest common factor of l and 22.
22
Let l = 6 - 0. Let b = 9 - 8. Let p be b - (-3)/(9/87). Calculate the greatest common divisor of p and l.
6
Let p(a) = a**2 + 9*a + 2. Let l be p(-5). Let z = l + 33. Calculate the greatest common factor of z and 105.
15
Let t be (-2)/(-12) + 310/12. What is the greatest common factor of t and 65?
13
Let x = 12 - 8. Suppose -3 + 1 = -2*p, -10 = -4*i - 2*p. Calculate the highest common factor of x and i.
2
Suppose 2*r + 11 = 3*b, r = 2*b - 0*b - 8. What is the greatest common factor of 5 and b?
5
Suppose -5*c + 21 = l - 2*l, l - 24 = -4*c. Calculate the greatest common divisor of 105 and c.
5
Suppose -3*d = -i + 161, -6*i - 2*d = -3*i - 461. Let p(n) = 2*n**2 + 2*n + 2. Let r be p(-6). What is the highest common factor of i and r?
31
Suppose 4*r + a - 252 = 0, 0*r - 189 = -3*r + 2*a. Calculate the highest common divisor of r and 21.
21
Let f be (-2*22)/(-5 - -3). Calculate the highest common factor of f and 198.
22
Suppose q - 17 = -2*g, 3*q + 4*g = 26 + 15. What is the greatest common divisor of q and 35?
7
Suppose 5*c = 2*j + 30, -7*c - 5*j + 30 = -2*c. Let x = c + -1. Suppose -40 = l - x*l. Calculate the greatest common factor of 2 and l.
2
Suppose -4 = -i + 3*a + 17, 4*a = 3*i - 38. What is the highest common factor of 18 and i?
6
Let i(n) = 2*n + 3. Let c be i(3). Let l be (-3)/4 + 15/4. Suppose l*k - 293 = -4*w, -k + 3*w + 2*w = -104. What is the highest common divisor of k and c?
9
Let u(b) = 5*b**2 + b - 3. Let m be u(3). What is the highest common divisor of m and 9?
9
Let v(y) be the first derivative of -y**4/4 - 2*y**3 + 3*y**2 - 7*y + 1. Let n be v(-7). Suppose -g + n = -5. What is the highest common divisor of g and 40?
5
Let c = -75 + 105. Suppose 0*m + 2*t + c = 4*m, m + 3*t = 4. Let y be 16/m + (-2)/7. What is the greatest common factor of 8 and y?
2
Let z(h) = 1 - 2*h + 5*h - 2*h**2 + 3*h**2. Let y be z(-2). Let p be (-43)/y + (5 - 3). Calculate the greatest common divisor of p and 5.
5
Let h = 33 - 19. Suppose l + 4*a + 2 = 0, -6*l + 2*l + 6 = 2*a. Calculate the greatest common factor of h and l.
2
Let n = 0 - -2. Suppose -1 = -t + n. Suppose g = -t*m + 2*g + 1, 4*m - g - 3 = 0. What is the highest common factor of 2 and m?
2
Let i be 5*4/(-4)*-1. Suppose i*f - 33 = 62. Calculate the highest common divisor of f and 171.
19
Let t(w) be the first derivative of w**4/4 - 7*w**3/3 - w**2/2 + 10*w + 5. Let r = -3 - -10. Let a be t(r). Calculate the greatest common divisor of a and 33.
3
Let a(z) = z**3 - 4*z**2 + 2. Let o = 6 - 2. Let n be a(o). Let i be -3*1/(-3)*22. What is the highest common divisor of n and i?
2
Let i = -3 - -5. Suppose o + i*o = 5*q - 456, -2*q + 188 = -4*o. What is the greatest common factor of q and 10?
10
Let u be 29 + -17 - 4*-1. Calculate the greatest common factor of u and 96.
16
Let b be 1 - -1*25 - 0. Calculate the greatest common divisor of b and 26.
26
Suppose 0 = 13*u - 14*u + 36. What is the greatest common divisor of u and 24?
12
Let r be -2*-2*(-11)/(-4). Suppose -5*v - 41 = 19. Let b be (-299)/(-3) - v/(-18). What is the greatest common factor of b and r?
11
Let d(l) = -107*l - 3. Let j be d(-2). Let t = -123 + j. Suppose x = -2*g + 8, x - 3*g - 40 = -4*x. What is the greatest common divisor of t and x?
8
Let r = -42 - -28. Let y be (12/r)/((-6)/42). What is the highest common divisor of y and 6?
6
Let p be (3 + -3 - -2) + 0. Suppose 2*g - 28 = -p*o, -5*g + 47 + 14 = 2*o. What is the greatest common factor of 121 and g?
11
Let k(f) = f**3 + 2*f**2 - 8*f - 3. Let w be k(-3). Calculate the greatest common factor of 48 and w.
12
Let m be 4/(-10) - ((-3074)/10 - 1). Calculate the greatest common divisor of 28 and m.
28
Let w be 0/(-3)*(-1)/(-2). Suppose w*z + 5*z - 19 = b, z - b = 3. Calculate the greatest common divisor of z and 12.
4
Let m(y) = 2*y**3 - 3*y**2 + y. Let d be m(2). Let q be ((-1)/((-7)/36))/(2/21). What is the greatest common divisor of q and d?
6
Let d = -28 + 36. What is the greatest common factor of 64 and d?
8
Let g be 84/(-9)*9/6. Let o = 30 + g. Let i be (-562)/(-7) + 4/(-14). What is the greatest common divisor of i and o?
16
Suppose -37*g = -36*g - 112. Calculate the highest common divisor of g and 16.
16
Let i be -2 + -2 + 1 + -17 + 29. What is the highest common divisor of i and 21?
3
Suppose 3*t - 7*t = -88. Suppose -5*f + 87 = -188. What is the highest common divisor of f and t?
11
Suppose -g - 5*z + 31 = -0*z, -2*g + 2*z + 2 = 0. Calculate the greatest common divisor of 30 and g.
6
Let y be ((-386)/(-3))/((-2)/(-3)). Suppose 2*u + 0*u - y = 3*r, 3*u = 4*r + 292. What is the highest common factor of u and 13?
13
Suppose 0 = -11*z - 144 + 474. Suppose -3*w = -66 - 564. Calculate the highest common divisor of w and z.
30
Let s(l) = -l + 7. Let y be s(0). Let a(b) = b. Let n be a(y). Calculate the greatest common factor of 70 and n.
7
Let k be ((-4)/8)/(2/(-72)). What is the highest common divisor of 6 and k?
6
Let c(v) = v + 2. Let l be c(0). Suppose l*y + 2 = s - 2*y, -4*s + 8 = 4*y. Let d = 10 - s. What is the greatest common factor of d and 72?
8
Suppose -8 - 2 = -5*z. Let t be 1 - (-2)/(z - 0). Suppose 50 = 2*j + t*d, -78 = -3*j - 0*d - 2*d. What is the highest common divisor of 14 and j?
14
Let k be 8*5 + 21 + -17. What is the greatest common divisor of k and 22?
22
Let l be 0/1 + 4 + 1. Suppose -r - 12 + 30 = 2*f, 3*f = l*r + 53. Let k = -75 + 108. What is the highest common factor of f and k?
11
Let p(